{"id":615,"date":"2024-02-29T11:53:43","date_gmt":"2024-02-29T10:53:43","guid":{"rendered":"https:\/\/asobruck.ac.at\/?page_id=615"},"modified":"2026-01-28T13:56:30","modified_gmt":"2026-01-28T12:56:30","slug":"berufsvorbereitungsjahr","status":"publish","type":"page","link":"https:\/\/asobruck.ac.at\/?page_id=615","title":{"rendered":"Berufspraktische Tage"},"content":{"rendered":"\n<p>Die Schulveranstaltung &#8222;Berufspraktische Tage&#8220; soll eine praxisnahe Berufsorientierung durch unmittelbaren und anschaulichen Kontakt zu wirtschaftlichen und beruflichen Vorg\u00e4ngen erm\u00f6glichen und so eine bevorstehende Berufswahl erleichtern. An berufspraktischen Tagen beobachten und verrichten Sch\u00fcler:innen kurzfristig und ohne Entgelt einzelne T\u00e4tigkeiten in einem von ihnen gew\u00e4hlten Betrieb.<\/p>\n\n\n\n<hr class=\"wp-block-separator has-alpha-channel-opacity\"\/>\n\n\n\n<p>Hier folgen einige Interviews, die mit Sch\u00fcler*innen nach ihren Berufspraktischen Tagen gef\u00fchrt wurden:<\/p>\n\n\n\n<hr class=\"wp-block-separator has-alpha-channel-opacity\"\/>\n\n\n\n<p>R: Wann war das Praktikum?<\/p>\n\n\n\n<p>M: 18.03.2024-22.03 2024<\/p>\n\n\n\n<p>R: Wo war dein Praktikum?<\/p>\n\n\n\n<p>M: In Gols, bei der Firma Holzbau Kast<\/p>\n\n\n\n<p>R: Was hast du dort gemacht z.b. was waren deine Arbeitszeiten, welchen Beruf hast du gelernt und welche T\u00e4tigkeiten hast du gearbeitet?<\/p>\n\n\n\n<p>M: Ich habe den Beruf Zimmerer kennengelernt und ich habe von 6:30 bis 16 Uhr gearbeitet.<\/p>\n\n\n\n<p>Ich habe in diesen Tagen viele Sachen getan, wie gebohrt, geschraubt, geschliffen und Holz geschnitten.<\/p>\n\n\n\n<p>R: Hat es dir gefallen?<\/p>\n\n\n\n<p>M: Mir hatte es sehr gefallen und w\u00fcrde diesen Beruf eventuell lernen.<\/p>\n\n\n\n<p>R: Welche R\u00fcckmeldung hast du zur\u00fcckbekommen?<\/p>\n\n\n\n<p>M: Ich hatte eine sehr gute R\u00fcckmeldung bekommen und sogar ein Dankesch\u00f6n gekriegt.<\/p>\n\n\n\n<p>R: Vielen Dank, dass du bei diesem Interview mitgemacht hast, und ich w\u00fcnsche dir tolle Ferien.<\/p>\n\n\n\n<p>M: Bitte sehr und dir auch.<\/p>\n\n\n\n<hr class=\"wp-block-separator has-alpha-channel-opacity\"\/>\n\n\n\n<p>R: Wann war das Praktikum?<\/p>\n\n\n\n<p>D: Mein Praktikum war von 18.3 bis 22.3.<\/p>\n\n\n\n<p>R: Wo hast du dein Praktikum gemacht?<\/p>\n\n\n\n<p>D: Beim Billa Plus Bruckneudorf.<\/p>\n\n\n\n<p>R: Was hast du dort gemacht?<\/p>\n\n\n\n<p>D: Ich habe dort Lebensmittel eingeschlichtet und gescannt.<\/p>\n\n\n\n<p>R: Wie lange war deine Arbeitszeit?<\/p>\n\n\n\n<p>D: Von 7:30 Uhr bis 14:25.<\/p>\n\n\n\n<p>R: Durftest du dort etwas Besonders machen?<\/p>\n\n\n\n<p>D: Ja. Ich durfte die Kartons pressen.<\/p>\n\n\n\n<p>R: Wie hat es dir gefallen?<\/p>\n\n\n\n<p>D: Mir hat es gut gefallen, weil die Mitarbeiter nett waren und weil mich der Beruf sehr interessiert hat.<\/p>\n\n\n\n<hr class=\"wp-block-separator has-alpha-channel-opacity\"\/>\n\n\n\n<p>R: Wann war das Praktikum?<\/p>\n\n\n\n<p>D: Mein Praktikum war von 18.3 bis 22.3.<\/p>\n\n\n\n<p>R: Wo hast du dein Praktikum gemacht?<\/p>\n\n\n\n<p>D: Im Futterhaus in Bruck an der Leitha.<\/p>\n\n\n\n<p>R: Was hast du dort gemacht?<\/p>\n\n\n\n<p>D: Dosen sortiert, G\u00e4nge ges\u00e4ubert und Lieferung entgegengenommen.<\/p>\n\n\n\n<p>R: Wie lange war deine Arbeitszeit?<\/p>\n\n\n\n<p>D: Von 10:00 Uhr bis 14:00.<\/p>\n\n\n\n<p>R: Durftest du dort etwas Besonders machen?<\/p>\n\n\n\n<p>D: Ja. Ich habe mit Hilfe der Mitarbeiter eine Transportbox gebaut.<\/p>\n\n\n\n<p>R: Wie hat es dir gefallen?<\/p>\n\n\n\n<p>D: Mir hat es gut gefallen, weil die Mitarbeiter nett waren und weil mich der Beruf sehr interessiert hat.<\/p>\n\n\n\n<p><\/p>\n","protected":false},"excerpt":{"rendered":"<p>Die Schulveranstaltung &#8222;Berufspraktische Tage&#8220; soll eine praxisnahe Berufsorientierung durch unmittelbaren und anschaulichen Kontakt zu wirtschaftlichen und beruflichen Vorg\u00e4ngen erm\u00f6glichen und so eine bevorstehende Berufswahl erleichtern. An berufspraktischen Tagen beobachten und verrichten Sch\u00fcler:innen kurzfristig und ohne Entgelt einzelne T\u00e4tigkeiten in einem von ihnen gew\u00e4hlten Betrieb. Hier folgen einige Interviews, die mit Sch\u00fcler*innen nach ihren Berufspraktischen Tagen &hellip; <\/p>\n<p class=\"link-more\"><a href=\"https:\/\/asobruck.ac.at\/?page_id=615\" class=\"more-link\"><span class=\"screen-reader-text\">\u201eBerufspraktische Tage\u201c<\/span> weiterlesen<\/a><\/p>\n","protected":false},"author":2,"featured_media":0,"parent":0,"menu_order":0,"comment_status":"closed","ping_status":"closed","template":"","meta":{"footnotes":""},"class_list":["post-615","page","type-page","status-publish","hentry"],"_links":{"self":[{"href":"https:\/\/asobruck.ac.at\/index.php?rest_route=\/wp\/v2\/pages\/615","targetHints":{"allow":["GET"]}}],"collection":[{"href":"https:\/\/asobruck.ac.at\/index.php?rest_route=\/wp\/v2\/pages"}],"about":[{"href":"https:\/\/asobruck.ac.at\/index.php?rest_route=\/wp\/v2\/types\/page"}],"author":[{"embeddable":true,"href":"https:\/\/asobruck.ac.at\/index.php?rest_route=\/wp\/v2\/users\/2"}],"replies":[{"embeddable":true,"href":"https:\/\/asobruck.ac.at\/index.php?rest_route=%2Fwp%2Fv2%2Fcomments&post=615"}],"version-history":[{"count":5,"href":"https:\/\/asobruck.ac.at\/index.php?rest_route=\/wp\/v2\/pages\/615\/revisions"}],"predecessor-version":[{"id":1537,"href":"https:\/\/asobruck.ac.at\/index.php?rest_route=\/wp\/v2\/pages\/615\/revisions\/1537"}],"wp:attachment":[{"href":"https:\/\/asobruck.ac.at\/index.php?rest_route=%2Fwp%2Fv2%2Fmedia&parent=615"}],"curies":[{"name":"wp","href":"https:\/\/api.w.org\/{rel}","templated":true}]}}

<p>Die Schulveranstaltung &#8222;Berufspraktische Tage&#8220; soll eine praxisnahe Berufsorientierung durch unmittelbaren und anschaulichen Kontakt zu wirtschaftlichen und beruflichen Vorgängen ermöglichen und so eine bevorstehende Berufswahl erleichtern. An berufspraktischen Tagen beobachten und verrichten Schüler:innen kurzfristig und ohne Entgelt einzelne Tätigkeiten in einem von ihnen gewählten Betrieb.</p>



<hr class="wp-block-separator has-alpha-channel-opacity"/>



<p>Hier folgen einige Interviews, die mit Schüler*innen nach ihren Berufspraktischen Tagen geführt wurden:</p>



<hr class="wp-block-separator has-alpha-channel-opacity"/>



<p>R: Wann war das Praktikum?</p>



<p>M: 18.03.2024-22.03 2024</p>



<p>R: Wo war dein Praktikum?</p>



<p>M: In Gols, bei der Firma Holzbau Kast</p>



<p>R: Was hast du dort gemacht z.b. was waren deine Arbeitszeiten, welchen Beruf hast du gelernt und welche Tätigkeiten hast du gearbeitet?</p>



<p>M: Ich habe den Beruf Zimmerer kennengelernt und ich habe von 6:30 bis 16 Uhr gearbeitet.</p>



<p>Ich habe in diesen Tagen viele Sachen getan, wie gebohrt, geschraubt, geschliffen und Holz geschnitten.</p>



<p>R: Hat es dir gefallen?</p>



<p>M: Mir hatte es sehr gefallen und würde diesen Beruf eventuell lernen.</p>



<p>R: Welche Rückmeldung hast du zurückbekommen?</p>



<p>M: Ich hatte eine sehr gute Rückmeldung bekommen und sogar ein Dankeschön gekriegt.</p>



<p>R: Vielen Dank, dass du bei diesem Interview mitgemacht hast, und ich wünsche dir tolle Ferien.</p>



<p>M: Bitte sehr und dir auch.</p>



<hr class="wp-block-separator has-alpha-channel-opacity"/>



<p>R: Wann war das Praktikum?</p>



<p>D: Mein Praktikum war von 18.3 bis 22.3.</p>



<p>R: Wo hast du dein Praktikum gemacht?</p>



<p>D: Beim Billa Plus Bruckneudorf.</p>



<p>R: Was hast du dort gemacht?</p>



<p>D: Ich habe dort Lebensmittel eingeschlichtet und gescannt.</p>



<p>R: Wie lange war deine Arbeitszeit?</p>



<p>D: Von 7:30 Uhr bis 14:25.</p>



<p>R: Durftest du dort etwas Besonders machen?</p>



<p>D: Ja. Ich durfte die Kartons pressen.</p>



<p>R: Wie hat es dir gefallen?</p>



<p>D: Mir hat es gut gefallen, weil die Mitarbeiter nett waren und weil mich der Beruf sehr interessiert hat.</p>



<hr class="wp-block-separator has-alpha-channel-opacity"/>



<p>R: Wann war das Praktikum?</p>



<p>D: Mein Praktikum war von 18.3 bis 22.3.</p>



<p>R: Wo hast du dein Praktikum gemacht?</p>



<p>D: Im Futterhaus in Bruck an der Leitha.</p>



<p>R: Was hast du dort gemacht?</p>



<p>D: Dosen sortiert, Gänge gesäubert und Lieferung entgegengenommen.</p>



<p>R: Wie lange war deine Arbeitszeit?</p>



<p>D: Von 10:00 Uhr bis 14:00.</p>



<p>R: Durftest du dort etwas Besonders machen?</p>



<p>D: Ja. Ich habe mit Hilfe der Mitarbeiter eine Transportbox gebaut.</p>



<p>R: Wie hat es dir gefallen?</p>



<p>D: Mir hat es gut gefallen, weil die Mitarbeiter nett waren und weil mich der Beruf sehr interessiert hat.</p>



<p></p>

<p>Die Schulveranstaltung &#8222;Berufspraktische Tage&#8220; soll eine praxisnahe Berufsorientierung durch unmittelbaren und anschaulichen Kontakt zu wirtschaftlichen und beruflichen Vorgängen ermöglichen und so eine bevorstehende Berufswahl erleichtern. An berufspraktischen Tagen beobachten und verrichten Schüler:innen kurzfristig und ohne Entgelt einzelne Tätigkeiten in einem von ihnen gewählten Betrieb. Hier folgen einige Interviews, die mit Schüler*innen nach ihren Berufspraktischen Tagen &hellip; </p>
<p class="link-more"><a href="https://asobruck.ac.at/?page_id=615" class="more-link"><span class="screen-reader-text">„Berufspraktische Tage“</span> weiterlesen</a></p>
